{"id":1542,"date":"2013-08-13T20:50:21","date_gmt":"2013-08-13T19:50:21","guid":{"rendered":"http:\/\/www.haeussler.name\/blogs\/hobby\/kasse\/"},"modified":"2024-08-21T22:16:56","modified_gmt":"2024-08-21T20:16:56","slug":"kasse","status":"publish","type":"page","link":"https:\/\/www.haeussler.name\/blogs\/hobby\/kasse\/","title":{"rendered":"Kasse"},"content":{"rendered":"","protected":false},"excerpt":{"rendered":"","protected":false},"author":1,"featured_media":0,"parent":0,"menu_order":0,"comment_status":"closed","ping_status":"open","template":"","meta":{"jetpack_post_was_ever_published":false,"footnotes":""},"class_list":["post-1542","page","type-page","status-publish","hentry"],"aioseo_notices":[],"jetpack_shortlink":"https:\/\/wp.me\/P76vFd-oS","jetpack-related-posts":[{"id":1545,"url":"https:\/\/www.haeussler.name\/blogs\/hobby\/kasse\/bestellhistorie\/","url_meta":{"origin":1542,"position":0},"title":"Bestellhistorie","author":"Christian H\u00e4ussler","date":"13. August 2013","format":false,"excerpt":"","rel":"","context":"\u00c4hnlicher Beitrag","block_context":{"text":"\u00c4hnlicher Beitrag","link":""},"img":{"alt_text":"","src":"","width":0,"height":0},"classes":[]},{"id":1544,"url":"https:\/\/www.haeussler.name\/blogs\/hobby\/kasse\/transaktion-fehlgeschlagen\/","url_meta":{"origin":1542,"position":1},"title":"Transaktion fehlgeschlagen","author":"Christian H\u00e4ussler","date":"13. August 2013","format":false,"excerpt":"Ihre Transaktion schlug fehl. Bitte versuchen Sie es noch einmal oder kontaktieren Sie den Support der Webseite.","rel":"","context":"\u00c4hnlicher Beitrag","block_context":{"text":"\u00c4hnlicher Beitrag","link":""},"img":{"alt_text":"","src":"","width":0,"height":0},"classes":[]}],"jetpack_sharing_enabled":true,"jetpack_likes_enabled":true,"_links":{"self":[{"href":"https:\/\/www.haeussler.name\/blogs\/hobby\/wp-json\/wp\/v2\/pages\/1542","targetHints":{"allow":["GET"]}}],"collection":[{"href":"https:\/\/www.haeussler.name\/blogs\/hobby\/wp-json\/wp\/v2\/pages"}],"about":[{"href":"https:\/\/www.haeussler.name\/blogs\/hobby\/wp-json\/wp\/v2\/types\/page"}],"author":[{"embeddable":true,"href":"https:\/\/www.haeussler.name\/blogs\/hobby\/wp-json\/wp\/v2\/users\/1"}],"replies":[{"embeddable":true,"href":"https:\/\/www.haeussler.name\/blogs\/hobby\/wp-json\/wp\/v2\/comments?post=1542"}],"version-history":[{"count":1,"href":"https:\/\/www.haeussler.name\/blogs\/hobby\/wp-json\/wp\/v2\/pages\/1542\/revisions"}],"predecessor-version":[{"id":2411,"href":"https:\/\/www.haeussler.name\/blogs\/hobby\/wp-json\/wp\/v2\/pages\/1542\/revisions\/2411"}],"wp:attachment":[{"href":"https:\/\/www.haeussler.name\/blogs\/hobby\/wp-json\/wp\/v2\/media?parent=1542"}],"curies":[{"name":"wp","href":"https:\/\/api.w.org\/{rel}","templated":true}]}}